568?
7
What is the thousands digit of 4039367?
9
What is the millions digit of 3220524?
3
What is the millions digit of 2456890?
2
What is the thousands digit of 10092184?
2
What is the thousands digit of 614613?
4
What is the hundred thousands digit of 708017?
7
What is the thousands digit of 10588909?
8
What is the tens digit of 224748?
4
What is the thousands digit of 557146?
7
What is the hundreds digit of 1386732?
7
What is the units digit of 10576224?
4
What is the hundred thousands digit of 200306?
2
What is the ten thousands digit of 3760489?
6
What is the hundred thousands digit of 226266?
2
What is the ten thousands digit of 25653?
2
What is the hundreds digit of 38735275?
2
What is the ten thousands digit of 114706?
1
What is the units digit of 200556?
6
What is the units digit of 402959?
9
What is the units digit of 778145?
5
What is the tens digit of 150780?
8
What is the hundreds digit of 602768?
7
What is the tens digit of 5957301?
0
What is the units digit of 149228?
8
What is the millions digit of 1563213?
1
What is the thousands digit of 321241?
1
What is the hundreds digit of 28650430?
4
What is the tens digit of 568734?
3
What is the tens digit of 92415?
1
What is the thousands digit of 16630336?
0
What is the ten thousands digit of 826933?
2
What is the hundreds digit of 13191710?
7
What is the ten thousands digit of 40150?
4
What is the hundreds digit of 3966269?
2
What is the hundred thousands digit of 4082579?
0
What is the tens digit of 1959347?
4
What is the thousands digit of 419663?
9
What is the units digit of 4536124?
4
What is the units digit of 12864741?
1
What is the units digit of 69956?
6
What is the thousands digit of 80045?
0
What is the hundreds digit of 32302098?
0
What is the ten thousands digit of 164617?
6
What is the units digit of 207085?
5
What is the units digit of 331879?
9
What is the thousands digit of 838543?
8
What is the ten thousands digit of 819989?
1
What is the ten thousands digit of 5813550?
1
What is the hundreds digit of 5202537?
5
What is the hundred thousands digit of 945664?
9
What is the hundred thousands digit of 325905?
3
What is the units digit of 158071?
1
What is the hundreds digit of 150856?
8
What is the hundreds digit of 8754?
7
What is the units digit of 611403?
3
What is the millions digit of 15557302?
5
What is the tens digit of 6102552?
5
What is the tens digit of 335480?
8
What is the hundred thousands digit of 26846740?
8
What is the tens digit of 22219381?
8
What is the units digit of 3741959?
9
What is the hundreds digit of 577075?
0
What is the ten thousands digit of 120336?
2
What is the hundreds digit of 235971?
9
What is the hundreds digit of 2329908?
9
What is the ten thousands digit of 496928?
9
What is the ten thousands digit of 395542?
9
What is the units digit of 340043?
3
What is the ten thousands digit of 3436932?
3
What is the tens digit of 7922027?
2
What is the units digit of 36512560?
0
What is the thousands digit of 5223681?
3
What is the units digit of 12526110?
0
What is the thousands digit of 193943?
3
What is the units digit of 186465?
5
What is the thousands digit of 870985?
0
What is the units digit of 531217?
7
What is the ten thousands digit of 361553?
6
What is the tens digit of 3713745?
4
What is the thousands digit of 623070?
3
What is the tens digit of 6262001?
0
What is the ten thousands digit of 275850?
7
What is the hundreds digit of 21806?
8
What is the ten thousands digit of 16748571?
4
What is the thousands digit of 755857?
5
What is the hundred thousands digit of 226590?
2
What is the hundreds digit of 153597?
5
What is the hundred thousands digit of 1875969?
8
What is the tens digit of 4913531?
3
What is the tens digit of 91493?
9
What is the millions digit of 3826038?
3
What is the hundred thousands digit of 1932930?
9
What is the tens digit of 4551088?
8
What is the tens digit of 1834793?
9
What is the hundreds digit of 336156?
1
What is the tens digit of 227705?
0
What is the ten millions digit of 14952579?
1
What is the units digit of 145208?
8
What is the thousands digit of 379799?
9
What is the tens digit of 8587?
8
What is the thousands digit of 543537?
3
What is the ten thousands digit of 4352031?
5
What is the hundreds digit of 89942?
9
What is the tens digit of 276308?
0
What is the hundred thousands digit of 141168?
1
What is the millions digit of 1302989?
1
What is the thousands digit of 83276?
3
What is the units digit of 263891?
1
What is the ten thousands digit of 25191923?
9
What is the hundred thousands digit of 1012653?
0
What is the ten thousands digit of 8530001?
3
What is the units digit of 34715055?
5
What is the hundred thousands digit of 18141087?
1
What is the millions digit of 13345818?
3
What is the ten thousands digit of 286809?
8
What is the hundred thousands digit of 235172?
2
What is the units digit of 204087?
7
What is the ten thousands digit of 718649?
1
What is the thousands digit of 7928177?
8
What is the units digit of 1467625?
5
What is the thousands digit of 8794?
8
What is the hundreds digit of 11919426?
4
What is the ten thousands digit of 695235?
9
What is the tens digit of 862665?
6
What is the hundreds digit of 177291?
2
What is the hundreds digit of 301918?
9
What is the thousands digit of 110429?
0
What is the hundreds digit of 1828757?
7
What is the units digit of 129935?
5
What is the tens digit of 263574?
7
What is the thousands digit of 1573161?
3
What is the units digit of 267261?
1
What is the units digit of 47557?
7
What is the ten thousands digit of 658083?
5
What is the hundreds digit of 36217347?
3
What is the hundred thousands digit of 190927?
1
What is the hundreds digit of 24639152?
1
What is the millions digit of 1045208?
1
What is the ten thousands digit of 161345?
6
What is the tens digit of 511381?
8
What is the units digit of 4695268?
8
What is the ten thousands digit of 250271?
5
What is the ten thousands digit of 477093?
7
What is the ten thousands digit of 607836?
0
What is the hundreds digit of 1721649?
6
What is the hundred thousands digit of 213849?
2
What is the thousands digit of 415281?
5
What is the units digit of 300091?
1
What is the hundred thousands digit of 1248986?
2
What is the thousands digit of 9406600?
6
What is the hundreds digit of 1527635?
6
What is the thousands digit of 3123769?
3
What is the ten thousands digit of 149031?
4
What is the tens digit of 127855?
5
What is the units digit of 1725593?
3
What is the tens digit of 2634882?
8
What is the hundred thousands digit of 115473?
1
What is the units digit of 1112589?
9
What is the hundred thousands digit of 17182938?
1
What is the millions digit of 1032850?
1
What is the hundred thousands digit of 2453235?
4
What is the hundred thousands digit of 4666100?
6
What is the tens digit of 5694829?
2
What is the hundreds digit of 3803013?
0
What is the thousands digit of 509802?
9
What is the tens digit of 442803?
0
What is the units digit of 92076?
6
What is the hundreds digit of 127232?
2
What is the hundred thousands digit of 4679889?
6
What is the units digit of 805297?
7
What is the ten millions digit of 18588895?
1
What is the millions digit of 2072408?
2
What is the thousands digit of 5687183?
7
What is the ten millions digit of 15669565?
1
What is the ten thousands digit of 24276812?
7
What is the tens digit of 9033183?
8
What is the tens digit of 22969?
6
What is the units digit of 114662?
2
What is the tens digit of 605260?
6
What is the hundreds digit of 992104?
1
What is the ten thousands digit of 3514740?
1
What is the hundred thousands digit of 743285?
7
What is the units digit of 353698?
8
What is the units digit of 652960?
0
What is the thousands digit of 6364031?
4
What is the units digit of 7552510?
0
What is the hundred thousands digit of 449768?
4
What is the thousands digit of 52002?
2
What is the ten millions digit of 14070531?
1
What is the units digit of 256506?
6
What is the thousands digit of 43575?
3
What is the units digit of 2246355?
5
What is the hundred thousands digit of 834813?
8
What is the ten thousands digit of 23147448?
4
What is the tens digit of 277505?
0
What is the hundred thousands digit of 381597?
3
What is the thousands digit of 12839595?
9
What is the 